-4*l, 0 = -4*y + 7*l - 6*l + 3. What is the remainder when w(-7) is divided by y?
0
Suppose 2*g - 3*g = -3*a, 5*a - 5*g = 0. Let k be -2 - (-1 + a) - -3. Suppose 3*b - 3 = k*b. Calculate the remainder when 4 is divided by b.
1
Let g be (2/(-2) - -1) + 0. Suppose -3*m + 63 = -g. What is the remainder when 61 is divided by m?
19
Suppose 0 = 46*g - 52*g + 30. Calculate the remainder when 189/15 - 2/(-5) is divided by g.
3
Let h(f) be the second derivative of 7*f**3/6 - f. What is the remainder when h(5) is divided by 18?
17
Let a be (3/2*2)/1. Suppose -4*c + 15 = -u, 15 = -c + u + a*u. What is the remainder when 19 is divided by c?
4
Let w be 4/(-14) + (-237)/(-21). Suppose -x - 2*x = 5*h + 12, 5*h + w = -4*x. What is the remainder when 31 is divided by (-268)/(-16) + x/4?
14
Let y(n) = -n**3 + 2*n + 4. Let d(a) = -a**2 - a + 1. Let h(w) = -3*d(w) + y(w). Suppose 0 = -4*p - 6 + 22. What is the remainder when 13 is divided by h(p)?
3
Let x = 13 + -13. Suppose -6*i + i + 345 = x. Calculate the remainder when i is divided by 18.
15
Let n(l) = -l - 1. Let m be n(-3). Suppose 6*j + 4*o = j + 71, 2*j - 5*o = m. Calculate the remainder when 30 is divided by j.
8
Let j be (-6)/(-4)*100/30. Suppose -j*f = -3*g - 2, -g + 2*f - 6*f - 12 = 0. Let z = 10 + g. Calculate the remainder when 9 is divided by z.
3
Calculate the remainder when 27 is divided by (-7)/((-7)/2) - -14.
11
Let t be ((-6)/15)/((-2)/10). Suppose t*r - 22 = -r - 4*m, -29 = -r + 3*m. Calculate the remainder when 25 is divided by r.
11
Let r(s) = s**3 - 5*s**2 + s - 5. Let q be r(5). Calculate the remainder when (q - 3)*-11*1 is divided by 12.
9
Let d(y) = y + 8. Let z(n) = n**2 + n. Let x be z(-1). What is the remainder when 23 is divided by d(x)?
7
Let h = 41 - 24. Let a(x) = x**2 + 4*x - 4. Let k be a(-6). Calculate the remainder when h is divided by (-2 - k)*(-12)/20.
5
Suppose 2*j - 15 = -5*w + 25, 2*w + 2*j = 16. Suppose -3*x + x + 6 = 0. Calculate the remainder when w is divided by x.
2
Suppose -4*h = -51 - 189. What is the remainder when h is divided by 35?
25
Suppose -k = -f - 75 - 105, -2*f + 183 = k. What is the remainder when k is divided by 14?
13
Let c be (90/(-12))/(1/(-2)). Let f = 0 + 0. Suppose -r = -f*r - c. What is the remainder when 28 is divided by r?
13
Let s(i) = 2*i + 1. Let t = 2 + 68. Suppose -4*m - 4*k = -56, -5*m = -6*k + 2*k - t. Calculate the remainder when m is divided by s(2).
4
Let n be 3/((-18)/(-4))*6. Let w = n + 2. Suppose 0 = 3*t - 3*j - 27, t + 0*t - 1 = 5*j. Calculate the remainder when t is divided by w.
5
Let u(l) = -6*l - 7 + 4*l + 19*l. Let k be u(7). Suppose 4*r - 4*o - 28 = k, 2*o = r - 38. What is the remainder when r is divided by 17?
15
Let y = -124 + 133. Calculate the remainder when 49 is divided by y.
4
Suppose 0 = -5*p + 2 + 13. What is the remainder when 9 is divided by p?
0
Let b be 8/6*(-9)/(-6). Suppose 2*y + 4*p + 4 = 0, -y - b*p - 2 = 4*y. Suppose 19 = -y*n + n. What is the remainder when n is divided by 10?
9
Let t = -24 + 6. Calculate the remainder when 25 is divided by 1 + t/(-3) + 2.
7
Suppose 0 = 3*i + 28 - 151. Suppose 3*y - 16 = i. Suppose 4*q = 41 - 13. Calculate the remainder when y is divided by q.
5
Suppose 6*a - 18 = 3*a. Let w(k) = -k**3 + 4*k**2 + 5*k + 4. Calculate the remainder when a is divided by w(5).
2
Suppose -110 = -3*d + d. Suppose 2*k = 3*k - d. Let j = -2 + 21. Calculate the remainder when k is divided by j.
17
Let q(b) = b**3 + b**2 - 12. Let x be q(0). What is the remainder when 2290/60 + 2/x is divided by 14?
10
Let s(d) be the third derivative of -5*d**4/24 - 3*d**2. Calculate the remainder when s(-7) is divided by 12.
11
Suppose -q + 4*z = -z - 24, -5*q - z = -42. Suppose -11*w - 13 + 79 = 0. What is the remainder when q is divided by w?
3
Suppose -4*j - p = -206, 5*p - p = -2*j + 96. Calculate the remainder when j is divided by 14.
10
Suppose 2 = -r - r. What is the remainder when 20 is divided by ((-14)/(-8) - r)*4?
9
Suppose 0 = 5*l - 87 - 233. What is the remainder when l is divided by 17?
13
Let p(t) = -t**2 + 6*t - 1. Suppose r - 7 = -n, -3*n + n - 7 = -5*r. What is the remainder when p(4) is divided by r?
1
Suppose -d = 3 - 5. Suppose -4*o + 13 = j - d*j, 5 = -5*j + 5*o. Calculate the remainder when 34 is divided by (j/2)/(3/36).
16
Let w = -5 - -18. Calculate the remainder when 49 is divided by w.
10
Let c = 9 + -15. What is the remainder when (c/2 - -31) + -3 is divided by 13?
12
Let c(g) = 11*g - 2. Let z be 14/(-2)*(-120)/(-14). Let s = -34 - z. Calculate the remainder when s is divided by c(1).
8
What is the remainder when 72 is divided by (12 - 1)/((3 + -9)/(-6))?
6
Let i(d) = d**2 - 3*d + 1. Let l be i(2). Let k(f) = 2*f**2 - f. Let o be k(l). Let m = 33 - o. Calculate the remainder when m is divided by 16.
14
Let f = -11 - -10. Calculate the remainder when (11 - 1)/(0 + 2) is divided by f/((-2)/4 + 0).
1
Let g = 4 - 7. Let n be (572/66)/((-4)/(-6)). Let k = n - g. What is the remainder when 31 is divided by k?
15
Let y = -29 - -18. Let f = y + 18. Suppose 0 = -3*w + f + 59. What is the remainder when w is divided by 12?
10
Let n = -17 - -30. Let k(h) = -h**2 + 4. Let d be k(0). Suppose t - 3*l = d + 6, -2*t + 10 = 4*l. What is the remainder when n is divided by t?
6
Suppose 96 = 6*g - 2*g. Suppose 0 = a + a - g. What is the remainder when 35 is divided by a?
11
Let y = -49 + 99. Let n = -22 + 39. Calculate the remainder when y is divided by n.
16
Let t = -14 + 17. Suppose d - 11 = -t. Suppose 29 = 2*n - 3*s, 4*n + s - 49 = 2*n. Calculate the remainder when n is divided by d.
6
Let s(u) = 0 - u - 9*u**3 + u**3 - 1. Let j(r) = -r**3 + 6*r**2 - 1. Let q be j(6). Calculate the remainder when s(q) is divided by 5.
3
Let i be (73/(-4))/(2/8). What is the remainder when i/(-3) + (-2)/(-3) is divided by 9?
7
Suppose -5*r + 125 = -0*r. Let i = 68 + -20. Calculate the remainder when i is divided by r.
23
Suppose 11*d - 12*d + 2 = 0. Suppose -m + v + 8 = 0, -3*m + 0*v - v + 44 = 0. What is the remainder when 37 + 2*1/d is divided by m?
12
Let c be 1/(-5) - (-1)/5. Suppose c = 2*d + 6. Let g = d - -16. Calculate the remainder when 37 is divided by g.
11
Suppose -b - 39 = -2*w, 2*b + b + 45 = 2*w. Suppose 2*y - 2 = 2. Suppose 0 = v - 0*v + f - 29, -v + 24 = y*f. Calculate the remainder when v is divided by w.
16
Suppose t = 4 - 0. Suppose t*j - 45 = j. Suppose 0*h - 29 = -h. What is the remainder when h is divided by j?
14
Let l(f) = -f. Let h be l(8). Let y(r) = -r**3 - 7*r**2 + 6*r. Calculate the remainder when 47 is divided by y(h).
15
Suppose 0 = g + k + 27, -5*k = 5*g - 4*k + 151. Let r = 12 - 10. What is the remainder when r - (g + 2 + -1) is divided by 11?
10
Let p(i) = i**3 - 4*i**2 + 8*i - 6. What is the remainder when 22 is divided by p(3)?
4
Let f(g) = -g**2 + 7*g + 4. What is the remainder when 17 is divided by f(6)?
7
Suppose s - 22 = 25. Calculate the remainder when s is divided by 5.
2
Let z = -91 + 126. Calculate the remainder when 100 is divided by z.
30
Suppose -5*g + 105 = -0*g. What is the remainder when 31 is divided by g?
10
Let k(z) = -2*z**3 - 3*z**2 - 2*z + 1. Suppose -5*x + 5*o = -5, 5*o - 2*o = -9. What is the remainder when 15 is divided by k(x)?
6
Let o(g) = g**2 + 6*g - 9. Let u be o(-7). Let y = u + 6. Calculate the remainder when 11 is divided by y.
3
Let a(z) = 6*z**2 + 4*z + 5. Let x be a(4). Suppose -3*v + 3*n + x = 0, 2*v - 121 = -v + n. What is the remainder when v is divided by 11?
8
Suppose 6 = y - 3*y. Let b be 4 + y - (1 + 0). Suppose 3*h + 4*g - 94 = b, -h + g = 2*h - 74. What is the remainder when h is divided by 14?
12
Let c = -2 + 5. Suppose 0*o - 9 = o - 4*v, -4*v + 75 = 5*o. What is the remainder when o is divided by c?
2
Suppose -21 = -y - 5*s, 0 = y - s + 3*s - 6. Let j = y - -18. What is the remainder when j is divided by (-46)/(-6) - 5/(-15)?
6
Let n = -68 + 123. Suppose -c - 4*c = -n. Calculate the remainder when 42 is divided by c.
9
Suppose -m - 3*a = -33, 2*m - 3*a = -2*a + 45. Calculate the remainder when 69 is divided by m.
21
Let c = -59 + 93. Suppose 75 = 3*t + 5*m, c = 2*t - 4*m + 6. Suppose -33 = -2*r - r. Calculate the remainder when t is divided by r.
9
Let r(f) = 14 + 6 - 6 - f. What is the remainder when r(7) is divided by 2?
1
What i